 - g**2 + g. Let o(w) = -f(w) - 2*j(w). What is the hundreds digit of o(-4)?
2
Suppose -5082*h = -5072*h - 190460. What is the hundreds digit of h?
0
Let d(p) = -16*p - 8. Let c be d(-1). What is the hundreds digit of ((4014/c)/3)/(21/28)?
2
Let z(y) = 3*y**2 + 51. Let j(x) = 2*x**3 + 8*x**2 + 3. Let p be j(-4). Suppose -2*i = -3 + 1, -p*s - 1 = -i. What is the units digit of z(s)?
1
Let n = 5136 - 1290. What is the units digit of n?
6
Let b(w) = -399*w**3 - 2*w**2 + w + 2. Let i be b(-1). Suppose -60 = -2*c + i. Suppose 5*h = 2*n + 252, -4*h - 5*n = -c + 34. What is the units digit of h?
0
Let p(k) = 2*k**2 - 22*k + 30. Let u be p(9). What is the hundreds digit of (4/u)/((-28)/21714)?
5
Let y(t) = t**2 + 6*t. Let x be y(-5). Let u be (-3)/(x/45*3). Suppose 0 = -u*f + 4*f + 600. What is the units digit of f?
0
Let s(t) = 36*t**2 - 39*t + 60. What is the hundreds digit of s(-21)?
7
Let t be (-1 + (-20)/(-25))*(-24 + 9). What is the tens digit of ((-36)/(12 - t))/((-4)/486)?
8
Suppose -446 = -3*x - 4*h, -2*x - 4*h = -3*x + 154. Suppose 0 = x*o - 154*o + 7364. What is the hundreds digit of o?
8
Let b(d) = 5*d - 2. Let t be b(11). Let m = -43 + t. Suppose 7*g = m*g - 735. What is the hundreds digit of g?
2
Let l = -57 - -122. Let c = l + 165. Suppose -5*o + 770 = -c. What is the hundreds digit of o?
2
Suppose -6*v + 2*v = 5*y + 7, -2 = y + v. Let t(c) = 81*c**3 + 3*c**2 - 3*c + 1. Let d be t(y). Let j = d - 12. What is the tens digit of j?
7
Let n be 2/12 + (-874)/(-228). Suppose t = -5*i + 210, t + 698 = n*t - 2*i. What is the hundreds digit of t?
2
Suppose -3*s + 67309 = -4*d, 2*d = 101*s - 103*s + 44896. What is the hundreds digit of s?
4
Let i be (-40)/(-12) + (-7)/21. Let y(r) = 11*r + 11. What is the units digit of y(i)?
4
Let p(o) = 1355*o + 31. Let d be p(7). Suppose -18*u + d = -5*u. What is the hundreds digit of u?
7
Let i = -5 + 27. Suppose -t + 0 + 4 = 0, i = -2*o + 4*t. What is the units digit of (-123)/9*-3 + o?
8
Let x(k) be the third derivative of 43*k**4/24 + 3*k**3 - 53*k**2. Let q(l) = -l**2 + 5*l + 2. Let s be q(5). What is the tens digit of x(s)?
0
Suppose 100*v - 105*v + 16960 = 0. Let g = -2363 + v. What is the tens digit of g?
2
Suppose 3*b = 2*q - 5, q = -3*q - 4*b + 20. Let d be q + -1 - -1*(0 + 1). Suppose -2 = -o, y - 4*y + 167 = d*o. What is the tens digit of y?
5
Suppose 3*t - 7369 = -2*f, 4*f - 255*t + 251*t = 14768. What is the tens digit of f?
8
Suppose -111*y - 35*y + 2413506 = -23*y. What is the tens digit of y?
2
Let w = -13334 - -26319. What is the thousands digit of w?
2
Let r(n) = -9*n**2 + 9*n + 21. Let v(w) = -17*w**2 + 17*w + 42. Let c(q) = 11*r(q) - 6*v(q). What is the tens digit of c(7)?
0
Suppose -2*j - 2*m = -3*j + 368, 392 = j + 4*m. Let w = -240 + j. What is the hundreds digit of w?
1
Suppose 3*h + 0*a - 12 = 3*a, 0 = -h - 2*a + 1. Suppose u - 1634 = 2*f, h*u + 2229 - 7131 = f. What is the thousands digit of u?
1
Let h(b) = b**3 + 16*b**2 + 18*b - 8. Let x be -11 + 1 + (-1)/1*-1. What is the tens digit of h(x)?
9
Let s(w) = -4*w**2 - 33*w + 2. Let b be s(-8). Let h be (5 - 33/5)*b/(-4). Let j = 45 - h. What is the tens digit of j?
4
Suppose 371*k = 362*k + 2635272. What is the hundreds digit of 2/(-6)*2 + k/408?
7
Let a(y) = 9 - 2*y - 17 - 7. Let d be a(0). What is the tens digit of (-3 + 1 + -66)*d/6?
7
Suppose 12*q - 8*q - 12 = 0. Suppose -5*z - 5*y - 681 = -2846, -2*y = q*z - 1296. What is the units digit of z?
0
Let g = 937 - 927. Let s(o) be the second derivative of o**4/3 - 19*o**3/6 - o**2/2 + o. What is the tens digit of s(g)?
0
Let a = -88 + 100. Let p be (-2 + 110)/(78/a - 5). Suppose 68*j + 832 = p*j. What is the units digit of j?
8
Let t(b) = -b**3 + 6*b**2 + 7*b + 4. Let j be t(7). Suppose -519 = -j*q - 219. What is the units digit of q?
5
Let x(a) = -9*a**3 - 35*a**2 + a - 25. What is the thousands digit of x(-12)?
0
Let w(q) = 27*q**2 + 2*q - 7. Suppose -l = -2*s + 10, -5*s - 40 = 4*l - 4*s. Let b be 6*(55/l - -5). What is the units digit of w(b)?
0
What is the hundreds digit of (20598/6)/(23/69)?
2
Let c = 63386 + -19685. What is the tens digit of c?
0
Let x be 10 - (2 + 4)/1. Suppose 9*o - 12*o = 2*m - 876, -x*m = -3*o - 1752. What is the tens digit of m?
3
What is the hundreds digit of 30/(-6) + (-1)/((-2)/(-40))*-128?
5
Let i(f) = -f**3 - 18*f**2 - 24*f**2 + 1 - 21*f - 41*f + 30*f + 4*f**2. What is the units digit of i(-38)?
7
Let f(a) = -a**3 + 2*a**2 - 17*a + 79. Let r be f(4). What is the units digit of (-3867)/r*(-9 + 16)?
9
Let q(i) be the third derivative of -23/6*i**3 + 0*i + 17*i**2 - 1/60*i**5 + 0 + 11/24*i**4. What is the units digit of q(7)?
5
Let l = 381 + -213. Suppose -4*r + 0*r + l = -3*v, -4*r + 140 = 4*v. What is the units digit of r?
9
Let c(z) = -864*z - 37. What is the hundreds digit of c(-7)?
0
Let b be (-1 + (-4)/(-2))/((-4)/52). Let r(z) be the first derivative of -z**2/2 + 15*z + 26. What is the tens digit of r(b)?
2
Suppose 5*k = -f + 21 + 10, -5*k = -25. Let m be (-12)/9*1*f. What is the tens digit of m/10 - 714/(-30)?
2
What is the ten thousands digit of 16944*(-29)/(957/(-22))?
1
Let r = -1027 - -3326. What is the thousands digit of r?
2
Let h(b) be the second derivative of -b**4/12 + 7*b**3/6 + 51*b**2/2 - 94*b. What is the units digit of h(-4)?
7
Suppose -4*a - 600978 = -31*a - 15*a. What is the tens digit of a?
0
Let l(w) be the first derivative of -12*w**2 - 69*w - 99. What is the hundreds digit of l(-32)?
6
Suppose 0 = -11*q + 18 + 48. What is the units digit of (-4)/((-32)/(-52))*q*-2?
8
Suppose -591762 - 105726 = 962*w - 1050*w. What is the hundreds digit of w?
9
Let q(l) = -13*l - 36. Let s be q(-10). Let c = 18 + -8. Let g = s + c. What is the hundreds digit of g?
1
Suppose -1551 = -5*k + 294. Let t = -325 - -90. Let s = t + k. What is the units digit of s?
4
Let j = -32 - -36. Let w be (13 - j)*(-1)/(-3) - 0. Suppose 2*i + 2*q = 48 + 4, w*q = -i + 18. What is the tens digit of i?
3
Suppose -4*y = -4*j - 23372, -4120 - 1733 = -y - 4*j. Suppose 22*m = 15*m + y. What is the units digit of m?
5
Let q = 67527 - 38801. What is the ten thousands digit of q?
2
Let y(d) = -1778*d + 1390. What is the ten thousands digit of y(-5)?
1
Let z = 13275 + -7867. What is the tens digit of z?
0
Let m(d) = 812*d**2 - 14*d - 43. What is the tens digit of m(4)?
9
Let h(t) = -21 + 4*t + 6 + 0*t**2 + 0*t**3 + 8*t**2 + t**3. Let z be h(-7). Suppose z*j = j + 580. What is the hundreds digit of j?
1
Let k(a) = -9*a + 28. Let u(q) = 35*q - 114. Let f(o) = -9*k(o) - 2*u(o). Suppose -7 = -2*j + 25. What is the units digit of f(j)?
2
Let c(q) = q - 8*q**2 - 11 + 2*q**3 - 4*q + q. Let f(l) = 3*l**3 - 8*l**2 - 2*l - 10. Let x(w) = -4*c(w) + 3*f(w). What is the units digit of x(-7)?
9
Let t = -68 + 72. Let n(y) = 2*y**3 - 8*y**2 + 3*y - 6. Let g be n(t). Let w(o) = 4*o**2 + 2*o - 5. What is the units digit of w(g)?
1
Let h(i) = 382*i + 62. Suppose 0 = 2*n - 2*p - 10, 2*n + 14 = 4*n - 4*p. What is the units digit of h(n)?
8
Let t(b) = 402*b**2 + 13*b - 13. Suppose 2*p + 5*g - 7 = 0, g + 5 - 6 = 0. What is the tens digit of t(p)?
0
Let j(o) = 3*o**3 - o**2 - 3*o + 60246. What is the units digit of j(0)?
6
What is the tens digit of ((-20512)/(-150) + 48/(-600))*(-612)/(-5)?
2
Suppose 0 = -2*d - 3*d - 5. Suppose 0 = 2*g + 2*a - 92, 2*g = -414*a + 419*a + 64. Let b = g + d. What is the tens digit of b?
4
Let w(o) = 3*o**3 - o**2 - 4*o - 3. Let a be w(-1). Let g(k) = -12*k**3 - 2*k**2 + 4*k. What is the units digit of g(a)?
4
What is the units digit of (-1315 - -8)/((-2)/10)?
5
Let h(v) = v**3 - 8*v**2 + 8*v - 11. Let c be h(7). Let t(q) be the first derivative of 5*q**3/3 - 3*q**2/2 + 8*q + 2. What is the tens digit of t(c)?
0
Suppose 7*u = 2*t - t - 10795, -2*t - u + 21635 = 0. What is the tens digit of t?
1
Let u = -4514 - -42089. What is the ten thousands digit of u?
3
What is the hundreds digit of 16/56 + 263182/14?
7
Let h = -19 + 21. Suppose -58 = -2*w + h. What is the units digit of (-14)/105 + 364/w?
2
Let x be (-11)/(-22) + (0 - (-510)/(-4)). Let n = -292 - x. Let s = 277 + n. What is the hundreds digit of s?
1
Suppose 0 = 4*a + 2*a + 24. What is the hundreds digit of 324 + (a + 3 - -5)?
3
Let a(i) = -i**3 - 8*i**2 - 3*i - 20. Let u be a(-8). Suppose u*k + 3532 = 4*q, 0